prime?
False
Is 2726823002 a prime number?
False
Is 117210319 a composite number?
False
Is 816844661 a composite number?
True
Is 76106969 composite?
True
Is 7378219721 prime?
True
Is 2835964031 a prime number?
True
Is 11343266887 a prime number?
True
Is 613677089 a prime number?
False
Is 2850702671 a composite number?
True
Is 71527041107 a prime number?
True
Is 25612681 a prime number?
True
Is 1325661149 composite?
True
Is 10702307269 composite?
False
Is 2432992753 a prime number?
True
Is 19175833 a composite number?
True
Is 2340892249 prime?
True
Is 144618101 a composite number?
True
Is 1814769503 a prime number?
False
Is 2296304707 a prime number?
True
Is 252187612093 prime?
False
Is 1304238791 a prime number?
True
Is 2024435839 a composite number?
False
Is 51833255203 a composite number?
False
Is 4962115247 a prime number?
False
Is 1974764413 prime?
True
Is 526886851 a prime number?
True
Is 41747765111 a composite number?
True
Is 11540801593 a composite number?
False
Is 125153463941 prime?
False
Is 2629277393 composite?
True
Is 989561537 a prime number?
False
Is 31179147353 composite?
False
Is 5004162697 a composite number?
False
Is 123177547 a prime number?
False
Is 261920161 a composite number?
False
Is 490153673 composite?
True
Is 139151822377 a prime number?
True
Is 702116831 a composite number?
True
Is 2043999731 composite?
True
Is 742815209 prime?
True
Is 3703653757 composite?
False
Is 148323544829 a composite number?
True
Is 2371125109 a prime number?
False
Is 116356459 a composite number?
False
Is 34949266237 prime?
False
Is 6702291817 a composite number?
True
Is 42444229629 prime?
False
Is 23596246373 a prime number?
False
Is 52050893 prime?
False
Is 601560683 a prime number?
True
Is 21702314449 prime?
True
Is 13232051519 prime?
False
Is 5634436127 composite?
True
Is 5933141653 a prime number?
True
Is 92809572623 a prime number?
True
Is 1847273089 prime?
True
Is 242770337 composite?
True
Is 3081995237 a composite number?
False
Is 9637972189 composite?
False
Is 10013215637 a composite number?
False
Is 120311617 prime?
False
Is 75169489 a composite number?
True
Is 830182819 a composite number?
True
Is 47923894121 composite?
True
Is 19609091029 a composite number?
True
Is 14292296653 a prime number?
True
Is 2650503209 prime?
True
Is 6862077037 prime?
True
Is 20074986247 a prime number?
False
Is 126756649 prime?
True
Is 4898868517 a composite number?
True
Is 2074995739 a composite number?
True
Is 1552389639 composite?
True
Is 19338599661 a prime number?
False
Is 9690369047 prime?
True
Is 59883221 a prime number?
True
Is 54608537765 a composite number?
True
Is 29538418333 a composite number?
True
Is 1428595829 composite?
False
Is 58291693 a prime number?
True
Is 2130461141 a prime number?
False
Is 100407250807 composite?
True
Is 299058989 prime?
False
Is 956218877 a composite number?
True
Is 6440226671 a composite number?
True
Is 480282107 a composite number?
False
Is 853054151 a prime number?
True
Is 34633503739 a composite number?
False
Is 80087231957 prime?
False
Is 11576899363 a composite number?
False
Is 778806631 composite?
False
Is 2024905637 a prime number?
False
Is 7279603103 prime?
True
Is 4222610069 a composite number?
False
Is 420267388457 a prime number?
False
Is 36559565767 composite?
True
Is 2234889049 a prime number?
False
Is 1275210383 prime?
True
Is 2054629637 a composite number?
True
Is 18137633849 prime?
True
Is 57591872179 prime?
False
Is 3541039013 composite?
False
Is 6012189751 a prime number?
True
Is 43237549 a prime number?
False
Is 524814047 a prime number?
False
Is 1881605623 composite?
False
Is 5833828779 composite?
True
Is 12803177147 composite?
True
Is 19342252101 prime?
False
Is 25637351527 a composite number?
False
Is 447740081 composite?
False
Is 1704874307 prime?
True
Is 5328998347 composite?
True
Is 14759426239 a prime number?
True
Is 3652561151 a prime number?
True
Is 2699727293 composite?
False
Is 81575100683 a composite number?
False
Is 1770521237 prime?
False
Is 2512209103 composite?
False
Is 7511188721 a composite number?
False
Is 49978851209 a composite number?
True
Is 9716723033 prime?
True
Is 59601851 composite?
False
Is 519306635 a composite number?
True
Is 657057937 a composite number?
False
Is 72188042 a prime number?
False
Is 1785562777 a composite number?
True
Is 29531258971 prime?
False
Is 35473673723 a prime number?
True
Is 645015127 composite?
True
Is 93303589 prime?
True
Is 5952107449 prime?
True
Is 12996870791 prime?
True
Is 54997711 composite?
False
Is 5004927991 composite?
True
Is 5748108727 prime?
False
Is 1571420693 prime?
False
Is 395708927 prime?
True
Is 6093722839 prime?
False
Is 83789099 a prime number?
True
Is 6868082587 a composite number?
True
Is 6984924151 prime?
True
Is 4705089859 a prime number?
True
Is 36237919979 prime?
True
Is 45811543709 a composite number?
False
Is 170850367 composite?
False
Is 6198887713 composite?
False
Is 59204111 composite?
False
Is 10299127831 composite?
True
Is 2018930351 a prime number?
True
Is 2901593777 a composite number?
False
Is 4022251843 a composite number?
False
Is 437435457 composite?
True
Is 5912955049 prime?
True
Is 9257845378 composite?
True
Is 9271359686 a prime number?
False
Is 67766365673 prime?
True
Is 284413322 a composite number?
True
Is 34602749737 a composite number?
True
Is 7450997513 composite?
True
Is 30211875493 a prime number?
False
Is 795959531 prime?
False
Is 1131620701 a prime number?
True
Is 12279529 prime?
False
Is 244239727 prime?
True
Is 3448595803 a prime number?
True
Is 42655700653 a prime number?
False
Is 21337502779 prime?
True
Is 474643583 a composite number?
False
Is 23454012499 a prime number?
False
Is 8479351799 a composite number?
False
Is 9461033599 a prime number?
False
Is 5478525713 a composite number?
True
Is 2568937409 a composite number?
False
Is 6106218977 a prime number?
False
Is 17011543327 prime?
True
Is 24425651373 prime?
False
Is 64729507 prime?
False
Is 1104198923 composite?
True
Is 767278163 a prime number?
True
Is 86447710661 a composite number?
True
Is 2642659241 composite?
False
Is 75872234017 a prime number?
True
Is 5758323139 a composite number?
False
Is 4131503391 a prime number?
False
Is 1073904869 composite?
True
Is 5557524589 prime?
True
Is 14742817087 composite?
True
Is 914668583 a composite number?
True
Is 815787671 a composite number?
False
Is 230278159021 composite?
False
Is 23486164181 composite?
False
Is 408680803 a composite number?
False
Is 15269132789 a composite number?
False
Is 31401826589 a composite number?
True
Is 5823327547 a composite number?
True
Is 33582465629 prime?
False
Is 81579593 a composite number?
True
Is 19728283079 composite?
False
Is 145853753 a composite number?
True
Is 3261305902 prime?
False
Is 124626696853 a prime number?
False
Is 24785055569 a prime number?
True
Is 36787408061 a composite number?
True
Is 2441613193 prime?
True
Is 164056197043 composite?
False
Is 77762640541 a composite number?
True
Is 17837132147 a composite number?
False
Is 395855401 prime?
False
Is 217291819 a composite number?
True
Is 13624607299 a composite number?
True
Is 1009081831 a composite number?
False
Is 3164244763 composite?
True
Is 6785868049 composite?
True
Is 32426743 a prime number?
True
Is 781559 a prime number?
True
Is 2083139983 a composite number?
False
Is 792228947 composite?
True
Is 1536859717 a composite number?
True
Is 2587004543 a composite number?
False
Is 46267278061 a composite number?
False
Is 14563390063 prime?
True
Is 1153297513 a prime number?
False
Is 50819709527 prime?
True
Is 4932518761 composite?
True
Is 1800998621 prime?
False
Is 4966415657 prime?
False
Is 1306246817 a prime number?
True
Is 17784532169 composite?
False
Is 3152413423 a composite number?
False
Is 137214740159 composite?
True
Is 13270156151 a composite number?
True
Is 15323157907 a prime number?
True
Is 827498153 composite?
True
Is 695743561 composite?
True
Is 25946521259 a composite number?
True
Is 81852391 a composite number?
False
Is 30887777 a prime number?
False
Is 92462079057 a prime number?
False
Is 2552920606 a prime number?
False
Is 12645730607 prime?
False
Is 633438931 a prime number?
False
Is 12809446621 a prime number?
True
Is 19489691213 a prime number?
True
Is 